[INFO] cloning repository https://github.com/arora-aditya/just-another-ray-tracer
[INFO] running `Command { std: "git" "-c" "credential.helper=" "-c" "credential.helper=/workspace/cargo-home/bin/git-credential-null" "clone" "--bare" "https://github.com/arora-aditya/just-another-ray-tracer" "/workspace/cache/git-repos/https%3A%2F%2Fgithub.com%2Farora-aditya%2Fjust-another-ray-tracer", kill_on_drop: false }`
[INFO] [stderr] Cloning into bare repository '/workspace/cache/git-repos/https%3A%2F%2Fgithub.com%2Farora-aditya%2Fjust-another-ray-tracer'...
[INFO] running `Command { std: "git" "rev-parse" "HEAD", kill_on_drop: false }`
[INFO] [stdout] a5ff9bf7ba8f0c262f8b63ee0b2cf331fa8eee21
[INFO] checking arora-aditya/just-another-ray-tracer against master#af3c6e733a40e671550e0f0f5aeecaa13772ba56 for pr-74989
[INFO] running `Command { std: "git" "clone" "/workspace/cache/git-repos/https%3A%2F%2Fgithub.com%2Farora-aditya%2Fjust-another-ray-tracer" "/workspace/builds/worker-10/source", kill_on_drop: false }`
[INFO] [stderr] Cloning into '/workspace/builds/worker-10/source'...
[INFO] [stderr] done.
[INFO] validating manifest of git repo https://github.com/arora-aditya/just-another-ray-tracer on toolchain af3c6e733a40e671550e0f0f5aeecaa13772ba56
[INFO] running `Command { std: "/workspace/cargo-home/bin/cargo" "+af3c6e733a40e671550e0f0f5aeecaa13772ba56" "read-manifest" "--manifest-path" "Cargo.toml", kill_on_drop: false }`
[INFO] started tweaking git repo https://github.com/arora-aditya/just-another-ray-tracer
[INFO] finished tweaking git repo https://github.com/arora-aditya/just-another-ray-tracer
[INFO] tweaked toml for git repo https://github.com/arora-aditya/just-another-ray-tracer written to /workspace/builds/worker-10/source/Cargo.toml
[INFO] crate git repo https://github.com/arora-aditya/just-another-ray-tracer already has a lockfile, it will not be regenerated
[INFO] running `Command { std: "/workspace/cargo-home/bin/cargo" "+af3c6e733a40e671550e0f0f5aeecaa13772ba56" "fetch" "--locked" "--manifest-path" "Cargo.toml", kill_on_drop: false }`
[INFO] running `Command { std: "docker" "create" "-v" "/var/lib/crater-agent-workspace/builds/worker-10/target:/opt/rustwide/target:rw,Z" "-v" "/var/lib/crater-agent-workspace/builds/worker-10/source:/opt/rustwide/workdir:ro,Z" "-v" "/var/lib/crater-agent-workspace/cargo-home:/opt/rustwide/cargo-home:ro,Z" "-v" "/var/lib/crater-agent-workspace/rustup-home:/opt/rustwide/rustup-home:ro,Z" "-e" "SOURCE_DIR=/opt/rustwide/workdir" "-e" "CARGO_TARGET_DIR=/opt/rustwide/target" "-e" "CARGO_HOME=/opt/rustwide/cargo-home" "-e" "RUSTUP_HOME=/opt/rustwide/rustup-home" "-w" "/opt/rustwide/workdir" "-m" "1610612736" "--user" "0:0" "--network" "none" "rustops/crates-build-env@sha256:d92eaeed33fa75130ca1ee6c8a01d1ffb62bac859dfdfb3450e3e5d1c0146529" "/opt/rustwide/cargo-home/bin/cargo" "+af3c6e733a40e671550e0f0f5aeecaa13772ba56" "metadata" "--no-deps" "--format-version=1", kill_on_drop: false }`
[INFO] [stdout] 4185c3307331d6484c0d91a6e15c6f2f5e35eb0017c49938def0967036c19f14
[INFO] [stderr] WARNING: Your kernel does not support swap limit capabilities or the cgroup is not mounted. Memory limited without swap.
[INFO] running `Command { std: "docker" "start" "-a" "4185c3307331d6484c0d91a6e15c6f2f5e35eb0017c49938def0967036c19f14", kill_on_drop: false }`
[INFO] running `Command { std: "docker" "inspect" "4185c3307331d6484c0d91a6e15c6f2f5e35eb0017c49938def0967036c19f14", kill_on_drop: false }`
[INFO] running `Command { std: "docker" "rm" "-f" "4185c3307331d6484c0d91a6e15c6f2f5e35eb0017c49938def0967036c19f14", kill_on_drop: false }`
[INFO] [stdout] 4185c3307331d6484c0d91a6e15c6f2f5e35eb0017c49938def0967036c19f14
[INFO] running `Command { std: "docker" "create" "-v" "/var/lib/crater-agent-workspace/builds/worker-10/target:/opt/rustwide/target:rw,Z" "-v" "/var/lib/crater-agent-workspace/builds/worker-10/source:/opt/rustwide/workdir:ro,Z" "-v" "/var/lib/crater-agent-workspace/cargo-home:/opt/rustwide/cargo-home:ro,Z" "-v" "/var/lib/crater-agent-workspace/rustup-home:/opt/rustwide/rustup-home:ro,Z" "-e" "SOURCE_DIR=/opt/rustwide/workdir" "-e" "CARGO_TARGET_DIR=/opt/rustwide/target" "-e" "CARGO_INCREMENTAL=0" "-e" "RUST_BACKTRACE=full" "-e" "RUSTFLAGS=--cap-lints=forbid" "-e" "CARGO_HOME=/opt/rustwide/cargo-home" "-e" "RUSTUP_HOME=/opt/rustwide/rustup-home" "-w" "/opt/rustwide/workdir" "-m" "1610612736" "--user" "0:0" "--network" "none" "rustops/crates-build-env@sha256:d92eaeed33fa75130ca1ee6c8a01d1ffb62bac859dfdfb3450e3e5d1c0146529" "/opt/rustwide/cargo-home/bin/cargo" "+af3c6e733a40e671550e0f0f5aeecaa13772ba56" "check" "--frozen" "--all" "--all-targets" "--message-format=json", kill_on_drop: false }`
[INFO] [stdout] 6768e204336297bab2c666a9e07f4027497768d306c0669c8b251ebff5d4f943
[INFO] [stderr] WARNING: Your kernel does not support swap limit capabilities or the cgroup is not mounted. Memory limited without swap.
[INFO] running `Command { std: "docker" "start" "-a" "6768e204336297bab2c666a9e07f4027497768d306c0669c8b251ebff5d4f943", kill_on_drop: false }`
[INFO] [stderr]    Compiling autocfg v0.1.7
[INFO] [stderr]     Checking cfg-if v0.1.10
[INFO] [stderr]    Compiling semver-parser v0.7.0
[INFO] [stderr]     Checking lazy_static v1.4.0
[INFO] [stderr]    Compiling libc v0.2.62
[INFO] [stderr]    Compiling getrandom v0.1.12
[INFO] [stderr]     Checking ppv-lite86 v0.2.5
[INFO] [stderr]     Checking either v1.5.3
[INFO] [stderr]    Compiling semver v0.9.0
[INFO] [stderr]    Compiling crossbeam-utils v0.7.0
[INFO] [stderr]    Compiling crossbeam-epoch v0.8.0
[INFO] [stderr]     Checking c2-chacha v0.2.2
[INFO] [stderr]    Compiling rustc_version v0.2.3
[INFO] [stderr]     Checking num_cpus v1.11.1
[INFO] [stderr]    Compiling memoffset v0.5.3
[INFO] [stderr]     Checking rand_core v0.5.1
[INFO] [stderr]     Checking crossbeam-queue v0.2.0
[INFO] [stderr]     Checking rand_chacha v0.2.1
[INFO] [stderr]     Checking rand v0.7.2
[INFO] [stderr]     Checking crossbeam-deque v0.7.2
[INFO] [stderr]     Checking rayon-core v1.6.1
[INFO] [stderr]     Checking rayon v1.2.1
[INFO] [stderr]     Checking ray-tracing-in-a-weekend v0.1.0 (/opt/rustwide/workdir)
[INFO] [stdout] warning: unused import: `self`
[INFO] [stdout]  --> src/render/mod.rs:6:26
[INFO] [stdout]   |
[INFO] [stdout] 6 | use crate::tracer::ray::{self, Ray};
[INFO] [stdout]   |                          ^^^^
[INFO] [stdout]   |
[INFO] [stdout]   = note: `#[warn(unused_imports)]` on by default
[INFO] [stdout] 
[INFO] [stdout] 
[INFO] [stdout] warning: unused import: `crate::objects::hittable`
[INFO] [stdout]   --> src/render/mod.rs:10:5
[INFO] [stdout]    |
[INFO] [stdout] 10 | use crate::objects::hittable;
[INFO] [stdout]    |     ^^^^^^^^^^^^^^^^^^^^^^^^
[INFO] [stdout] 
[INFO] [stdout] 
[INFO] [stdout] warning: unused import: `crate::material`
[INFO] [stdout]   --> src/render/mod.rs:11:5
[INFO] [stdout]    |
[INFO] [stdout] 11 | use crate::material;
[INFO] [stdout]    |     ^^^^^^^^^^^^^^^
[INFO] [stdout] 
[INFO] [stdout] 
[INFO] [stdout] warning: unused import: `self`
[INFO] [stdout]   --> src/render/mod.rs:17:29
[INFO] [stdout]    |
[INFO] [stdout] 17 | use crate::camera::camera::{self, Camera};
[INFO] [stdout]    |                             ^^^^
[INFO] [stdout] 
[INFO] [stdout] 
[INFO] [stdout] warning: unnecessary parentheses around `if` condition
[INFO] [stdout]   --> src/render/mod.rs:34:16
[INFO] [stdout]    |
[INFO] [stdout] 34 |             if ((center-Vec3{e: [4.0,0.2,0.0]}).length() > 0.9) {
[INFO] [stdout]    |                ^^^^^^^^^^^^^^^^^^^^^^^^^^^^^^^^^^^^^^^^^^^^^^^^ help: remove these parentheses
[INFO] [stdout]    |
[INFO] [stdout]    = note: `#[warn(unused_parens)]` on by default
[INFO] [stdout] 
[INFO] [stdout] 
[INFO] [stdout] warning: unnecessary parentheses around block return value
[INFO] [stdout]   --> src/tracer/vec3.rs:65:9
[INFO] [stdout]    |
[INFO] [stdout] 65 |         (self.e[0]*self.e[0] + self.e[1]*self.e[1] + self.e[2]*self.e[2])
[INFO] [stdout]    |         ^^^^^^^^^^^^^^^^^^^^^^^^^^^^^^^^^^^^^^^^^^^^^^^^^^^^^^^^^^^^^^^^^ help: remove these parentheses
[INFO] [stdout] 
[INFO] [stdout] 
[INFO] [stdout] warning: unused import: `MulAssign`
[INFO] [stdout]  --> src/tracer/color.rs:1:48
[INFO] [stdout]   |
[INFO] [stdout] 1 | use std::ops::{Add, AddAssign, DivAssign, Mul, MulAssign};
[INFO] [stdout]   |                                                ^^^^^^^^^
[INFO] [stdout] 
[INFO] [stdout] 
[INFO] [stdout] warning: trait objects without an explicit `dyn` are deprecated
[INFO] [stdout]   --> src/objects/sphere.rs:12:23
[INFO] [stdout]    |
[INFO] [stdout] 12 |     pub material: Box<Material>,
[INFO] [stdout]    |                       ^^^^^^^^ help: use `dyn`: `dyn Material`
[INFO] [stdout]    |
[INFO] [stdout]    = note: `#[warn(bare_trait_objects)]` on by default
[INFO] [stdout] 
[INFO] [stdout] 
[INFO] [stdout] warning: trait objects without an explicit `dyn` are deprecated
[INFO] [stdout]   --> src/objects/sphere.rs:42:23
[INFO] [stdout]    |
[INFO] [stdout] 42 |     pub material: Box<Material>,
[INFO] [stdout]    |                       ^^^^^^^^ help: use `dyn`: `dyn Material`
[INFO] [stdout] 
[INFO] [stdout] 
[INFO] [stdout] warning: unused imports: `Vec3`, `self`
[INFO] [stdout]  --> src/material/base.rs:4:27
[INFO] [stdout]   |
[INFO] [stdout] 4 | use crate::tracer::vec3::{self, Vec3};
[INFO] [stdout]   |                           ^^^^  ^^^^
[INFO] [stdout] 
[INFO] [stdout] 
[INFO] [stdout] warning: unused import: `self`
[INFO] [stdout]  --> src/material/base.rs:5:20
[INFO] [stdout]   |
[INFO] [stdout] 5 | use crate::utils::{self, Random};
[INFO] [stdout]   |                    ^^^^
[INFO] [stdout] 
[INFO] [stdout] 
[INFO] [stdout] error: patterns aren't allowed in functions without bodies
[INFO] [stdout]   --> src/material/base.rs:13:23
[INFO] [stdout]    |
[INFO] [stdout] 13 |     fn scatter(&self, mut random: &mut Random, r_in: Ray, hit_record: HitRecord) -> Option<ScatterRecord>;
[INFO] [stdout]    |                       ^^^^^^^^^^
[INFO] [stdout]    |
[INFO] [stdout]    = note: `#[deny(patterns_in_fns_without_body)]` on by default
[INFO] [stdout]    = warning: this was previously accepted by the compiler but is being phased out; it will become a hard error in a future release!
[INFO] [stdout]    = note: for more information, see issue #35203 <https://github.com/rust-lang/rust/issues/35203>
[INFO] [stdout] 
[INFO] [stdout] 
[INFO] [stdout] warning: unused import: `self`
[INFO] [stdout]  --> src/material/dielectric.rs:7:20
[INFO] [stdout]   |
[INFO] [stdout] 7 | use crate::utils::{self, Random};
[INFO] [stdout]   |                    ^^^^
[INFO] [stdout] 
[INFO] [stdout] 
[INFO] [stdout] warning: unused import: `self`
[INFO] [stdout]  --> src/render/mod.rs:6:26
[INFO] [stdout]   |
[INFO] [stdout] 6 | use crate::tracer::ray::{self, Ray};
[INFO] [stdout]   |                          ^^^^
[INFO] [stdout]   |
[INFO] [stdout]   = note: `#[warn(unused_imports)]` on by default
[INFO] [stdout] 
[INFO] [stdout] 
[INFO] [stdout] warning: unused import: `crate::objects::hittable`
[INFO] [stdout]   --> src/render/mod.rs:10:5
[INFO] [stdout]    |
[INFO] [stdout] 10 | use crate::objects::hittable;
[INFO] [stdout]    |     ^^^^^^^^^^^^^^^^^^^^^^^^
[INFO] [stdout] 
[INFO] [stdout] 
[INFO] [stdout] warning: unused import: `crate::material`
[INFO] [stdout]   --> src/render/mod.rs:11:5
[INFO] [stdout]    |
[INFO] [stdout] 11 | use crate::material;
[INFO] [stdout]    |     ^^^^^^^^^^^^^^^
[INFO] [stdout] 
[INFO] [stdout] 
[INFO] [stdout] warning: unused import: `self`
[INFO] [stdout]   --> src/render/mod.rs:17:29
[INFO] [stdout]    |
[INFO] [stdout] 17 | use crate::camera::camera::{self, Camera};
[INFO] [stdout]    |                             ^^^^
[INFO] [stdout] 
[INFO] [stdout] 
[INFO] [stdout] warning: unnecessary parentheses around `if` condition
[INFO] [stdout]   --> src/render/mod.rs:34:16
[INFO] [stdout]    |
[INFO] [stdout] 34 |             if ((center-Vec3{e: [4.0,0.2,0.0]}).length() > 0.9) {
[INFO] [stdout]    |                ^^^^^^^^^^^^^^^^^^^^^^^^^^^^^^^^^^^^^^^^^^^^^^^^ help: remove these parentheses
[INFO] [stdout]    |
[INFO] [stdout]    = note: `#[warn(unused_parens)]` on by default
[INFO] [stdout] 
[INFO] [stdout] 
[INFO] [stdout] warning: unnecessary parentheses around block return value
[INFO] [stdout]   --> src/tracer/vec3.rs:65:9
[INFO] [stdout]    |
[INFO] [stdout] 65 |         (self.e[0]*self.e[0] + self.e[1]*self.e[1] + self.e[2]*self.e[2])
[INFO] [stdout]    |         ^^^^^^^^^^^^^^^^^^^^^^^^^^^^^^^^^^^^^^^^^^^^^^^^^^^^^^^^^^^^^^^^^ help: remove these parentheses
[INFO] [stdout] 
[INFO] [stdout] 
[INFO] [stdout] warning: unused import: `MulAssign`
[INFO] [stdout]  --> src/tracer/color.rs:1:48
[INFO] [stdout]   |
[INFO] [stdout] 1 | use std::ops::{Add, AddAssign, DivAssign, Mul, MulAssign};
[INFO] [stdout]   |                                                ^^^^^^^^^
[INFO] [stdout] 
[INFO] [stdout] 
[INFO] [stdout] warning: trait objects without an explicit `dyn` are deprecated
[INFO] [stdout]   --> src/objects/sphere.rs:12:23
[INFO] [stdout]    |
[INFO] [stdout] 12 |     pub material: Box<Material>,
[INFO] [stdout]    |                       ^^^^^^^^ help: use `dyn`: `dyn Material`
[INFO] [stdout]    |
[INFO] [stdout]    = note: `#[warn(bare_trait_objects)]` on by default
[INFO] [stdout] 
[INFO] [stdout] 
[INFO] [stdout] warning: trait objects without an explicit `dyn` are deprecated
[INFO] [stdout]   --> src/objects/sphere.rs:42:23
[INFO] [stdout]    |
[INFO] [stdout] 42 |     pub material: Box<Material>,
[INFO] [stdout]    |                       ^^^^^^^^ help: use `dyn`: `dyn Material`
[INFO] [stdout] 
[INFO] [stdout] 
[INFO] [stdout] warning: unused imports: `Vec3`, `self`
[INFO] [stdout]  --> src/material/base.rs:4:27
[INFO] [stdout]   |
[INFO] [stdout] 4 | use crate::tracer::vec3::{self, Vec3};
[INFO] [stdout]   |                           ^^^^  ^^^^
[INFO] [stdout] 
[INFO] [stdout] 
[INFO] [stdout] warning: unused import: `self`
[INFO] [stdout]  --> src/material/base.rs:5:20
[INFO] [stdout]   |
[INFO] [stdout] 5 | use crate::utils::{self, Random};
[INFO] [stdout]   |                    ^^^^
[INFO] [stdout] 
[INFO] [stdout] 
[INFO] [stdout] error: patterns aren't allowed in functions without bodies
[INFO] [stdout]   --> src/material/base.rs:13:23
[INFO] [stdout]    |
[INFO] [stdout] 13 |     fn scatter(&self, mut random: &mut Random, r_in: Ray, hit_record: HitRecord) -> Option<ScatterRecord>;
[INFO] [stdout]    |                       ^^^^^^^^^^
[INFO] [stdout]    |
[INFO] [stdout]    = note: `#[deny(patterns_in_fns_without_body)]` on by default
[INFO] [stdout]    = warning: this was previously accepted by the compiler but is being phased out; it will become a hard error in a future release!
[INFO] [stdout]    = note: for more information, see issue #35203 <https://github.com/rust-lang/rust/issues/35203>
[INFO] [stdout] 
[INFO] [stdout] 
[INFO] [stdout] warning: unused import: `self`
[INFO] [stdout]  --> src/material/dielectric.rs:7:20
[INFO] [stdout]   |
[INFO] [stdout] 7 | use crate::utils::{self, Random};
[INFO] [stdout]   |                    ^^^^
[INFO] [stdout] 
[INFO] [stdout] 
[INFO] [stderr] error: could not compile `ray-tracing-in-a-weekend`.
[INFO] [stdout] error: aborting due to previous error; 12 warnings emitted
[INFO] [stdout] 
[INFO] [stdout] 
[INFO] [stderr] 
[INFO] [stderr] To learn more, run the command again with --verbose.
[INFO] [stderr] warning: build failed, waiting for other jobs to finish...
[INFO] [stdout] error[E0063]: missing field `_time` in initializer of `Ray`
[INFO] [stdout]   --> src/tracer/ray.rs:49:13
[INFO] [stdout]    |
[INFO] [stdout] 49 |             Ray {
[INFO] [stdout]    |             ^^^ missing `_time`
[INFO] [stdout] 
[INFO] [stdout] 
[INFO] [stdout] error[E0063]: missing field `_time` in initializer of `Ray`
[INFO] [stdout]   --> src/tracer/ray.rs:60:13
[INFO] [stdout]    |
[INFO] [stdout] 60 |             Ray {
[INFO] [stdout]    |             ^^^ missing `_time`
[INFO] [stdout] 
[INFO] [stdout] 
[INFO] [stdout] error[E0063]: missing field `_time` in initializer of `Ray`
[INFO] [stdout]   --> src/tracer/ray.rs:71:13
[INFO] [stdout]    |
[INFO] [stdout] 71 |             Ray {
[INFO] [stdout]    |             ^^^ missing `_time`
[INFO] [stdout] 
[INFO] [stdout] 
[INFO] [stdout] error: aborting due to 4 previous errors; 12 warnings emitted
[INFO] [stdout] 
[INFO] [stdout] 
[INFO] [stdout] For more information about this error, try `rustc --explain E0063`.
[INFO] [stdout] 
[INFO] [stderr] error: build failed
[INFO] running `Command { std: "docker" "inspect" "6768e204336297bab2c666a9e07f4027497768d306c0669c8b251ebff5d4f943", kill_on_drop: false }`
[INFO] running `Command { std: "docker" "rm" "-f" "6768e204336297bab2c666a9e07f4027497768d306c0669c8b251ebff5d4f943", kill_on_drop: false }`
[INFO] [stdout] 6768e204336297bab2c666a9e07f4027497768d306c0669c8b251ebff5d4f943
